(base 5) to base 4.
-3001301123
Convert -16cb4 (base 15) to base 12.
-36814
-2315342 (base 7) to base 2
-1000110110011011100
222110040 (base 6) to base 11
22a7470
What is -51115554 (base 6) in base 9?
-2660187
Convert 7a2a93 (base 11) to base 4.
10313330231
What is 102120102 (base 4) in base 15?
1748c
Convert -1926378 (base 11) to base 8.
-14334560
What is 163240 (base 10) in base 5?
20210430
What is -aa901 (base 15) in base 16?
-8454a
Convert -2a761 (base 16) to base 4.
-222131201
-115540 (base 7) to base 15
-6431
Convert 493582 (base 10) to base 2.
1111000100000001110
What is -6256624 (base 7) in base 15?
-ed58d
-1a002a (base 12) to base 7
-3610051
22150150 (base 6) to base 7
5450040
What is 322246 (base 7) in base 11?
39117
What is 11150543 (base 7) in base 15?
142755
Convert 66237 (base 11) to base 16.
17772
-15515533 (base 7) to base 6
-52053224
What is -2445450 (base 7) in base 12?
-131910
What is -272376 (base 10) in base 15?
-55a86
What is 2230110111 (base 4) in base 7?
5666523
-1011032020 (base 5) to base 2
-111110100001111110010
What is 57997 (base 11) in base 7?
466034
What is -110011111110000000 (base 2) in base 15?
-4310e
Convert 1962164 (base 14) to base 12.
427b324
Convert 100213331032 (base 4) to base 14.
816274
Convert -1011011110110100010001 (base 2) to base 5.
-1232303214
What is 45012 (base 14) in base 12?
80a60
2773103 (base 8) to base 9
1424323
Convert 2544543 (base 10) to base 11.
1488831
What is -1101101000001000100 (base 2) in base 5?
-103242112
Convert -1047231 (base 9) to base 8.
-2113442
What is 11001001101111110010100 (base 2) in base 16?
64df94
Convert -450811 (base 14) to base 8.
-10743777
Convert -464354 (base 7) to base 3.
-11020010012
What is -1925514 (base 10) in base 5?
-443104024
Convert -10000100101001101 (base 2) to base 10.
-67917
Convert -411034010 (base 5) to base 6.
-55314502
What is -1ac0a (base 14) in base 11?
-47287
60b9 (base 12) to base 11
7994
What is -133412 (base 9) in base 15?
-1911e
Convert -41156 (base 8) to base 2.
-100001001101110
Convert 212010010011 (base 3) to base 14.
bbb49
What is 2689b37 (base 12) in base 16?
74b31b
What is -10121222111 (base 3) in base 14?
-1c060
-88845 (base 10) to base 8
-255415
What is 13a190 (base 11) in base 13?
785c0
What is -11100011111100000001 (base 2) in base 14?
-1a4361
What is -da3160 (base 15) in base 4?
-213220101111
-2033223 (base 4) to base 8
-21753
What is -3311142 (base 6) in base 12?
-7b4b2
Convert 11000200021 (base 3) to base 5.
10013400
Convert -2460321 (base 7) to base 2.
-1001101011010100110
Convert -338032 (base 9) to base 3.
-101022001002
3532359 (base 12) to base 14
1514125
What is -6148 (base 13) in base 12?
-7917
296661 (base 11) to base 16
70f3a
3053331 (base 6) to base 2
100011111100010111
21410330 (base 6) to base 3
1012110121200
What is 170412 (base 8) in base 7?
344621
Convert 202313031310 (base 4) to base 8.
42671564
-854322 (base 12) to base 14
-3c9cdc
Convert -2022422120 (base 5) to base 2.
-1111101010111000001001
100000101011011111 (base 2) to base 15
299da
Convert -1b649 (base 14) to base 4.
-101003101
What is 331819 (base 10) in base 15?
684b4
What is -11042022 (base 6) in base 13?
-b82a7
What is -1010000110100110111 (base 2) in base 3?
-121211010121
Convert -23304041 (base 5) to base 12.
-a3339
-102633 (base 13) to base 4
-1123332213
-404014 (base 5) to base 16
-32d1
-1d2b67 (base 16) to base 14
-37a94b
Convert 43231253 (base 6) to base 14.
2543cd
Convert -39bc3f (base 16) to base 5.
-1432034433
What is 14b122 (base 14) in base 11?
453411
Convert 3503004 (base 7) to base 11.
27a0a6
130002240 (base 5) to base 7
5213043
-85a580 (base 13) to base 7
-35441025
What is 4232164 (base 7) in base 5?
112342234
Convert ca2d5c (base 15) to base 9.
20104746
What is 401766 (base 8) in base 13?
48176
What is 6631e (base 16) in base 5?
101343330
-120231010 (base 5) to base 10
-555130
What is 24123432 (base 7) in base 15?
2c4379
-1807618 (base 9) to base 5
-224300224
What is 11001010010111111 (base 2) in base 6?
2115411
-3446167 (base 8) to base 9
-1677378
Convert 22011031 (base 4) to base 2.
1010000101001101
What is 8668195 (base 10) in base 13?
1a46613
Convert 1101000011010110101010 (base 2) to base 14.
650d2a
What is 20323000301 (base 4) in base 12?
949615
What is -b2b462 (base 12) in base 15?
-3a41c2
Convert 102785 (base 10) to base 4.
121012001
Convert -4551345 (base 6) to base 16.
-38b91
-30526 (base 16) to base 6
-4124154
Convert 868464 (base 9) to base 6.
15034004
What is -101322 (base 8) in base 6?
-415014
-837896 (base 10) to base 14
-17b4da
-1000000100100001 (base 2) to base 8
-100441
Convert 106119 (base 11) to base 4.
221103122
Convert -c50d54 (base 14) to base 3.
-110111210011002
131033023 (base 4) to base 11
81a79
What is 3253110 (base 6) in base 10?
162690
10000111111100010 (base 2) to base 12
34342
Convert -11105115 (base 6) to base 3.
-122001012202
23b34 (base 15) to base 16
1bceb
6661153 (base 7) to base 15
113667
-13c56aa (base 14) to base 10
-9619046
What is 22202011012 (base 3) in base 13?
6048b
-3140545 (base 7) to base 13
-103a4a
1111011100101111111000 (base 2) to base 3
21121202102202
Convert -1344402 (base 5) to base 7.
-144634
Convert -1112011420 (base 5) to base 11.
-1426796
Convert 31441430 (base 5) to base 15.
538ca
What is 101101100001110101001 (base 2) in base 6?
51550505
1312663 (base 8) to base 11
22aa90
Convert -30150322 (base 6) to base 11.
-533843
Convert -3f5f4 (base 16) to base 3.
-111012001210
What is -331031212 (base 4) in base 6?
-5212434
Convert -410212 (base 7) to base 6.
-1254504
What is -2979bd (base 14) in base 7?
-15155426
Convert -4d5ac (base 15) to base 5.
-30411122
Convert 6bde (base 16) to base 9.
41782
-1218381 (base 9) to base 14
-1334b6
1a8274 (base 12) to base 7
3666256
Convert 48b75b (base 15) to base 13.
94b743
Convert 163050223 (base 7) to base 13.
23a8281
Convert 371227 (base 9) to base 5.
24131430
-2225515 (base 6) to base 15
-23602
What is 2604542 (base 7) in base 2?
1010010011101111011
What is 5725700 (base 9) in base 3?
12210212210000
-300229 (base 13) to base 3
-2002121110121
-4628386 (base 9) to base 10
-2499333
Convert 234425044 (base 6) to base 14.
830d5a
What is 2324323 (base 6) in base 3?
20002220120
-34128b (base 13) to base 6
-42214005
What is 190984 (base 10) in base 7?
1423543
-11314012 (base 7) to base 11
-61a945
What is -13118a4 (base 11) in base 2?
-1000101010101000011000
Convert 33302221323 (base 4) to base 16.
3f2a7b
Convert 73129 (base 16) to base 10.
471337
505613 (base 10) to base 8
1733415
Convert 110001111001100110 (base 2) to base 16.
31e66
-120211212022 (base 3) to base 8
-1141150
What is -12a854 (base 12) in base 8?
-1133100
Convert 230340000 (base 5) to base 7.
11506425
Convert 111535250 (base 6) to base 13.
56a216
What is 25235153 (base 7) in base 12?
91a312
-1431a89 (base 12) to base 11
-2314463
What is 201222200 (base 4) in base 13?
4a9ba
Convert 143070 (base 11) to base 5.
24124220
What is 123051 (base 13) in base 8?
1521600
Convert 473232 (base 8) to base 2.
100111011010011010
3140313411 (base 5) to base 10
6572981
What is -166256 (base 9) in base 8?
-311132
-1230101131 (base 4) to base 9
-745311
Convert -130282 (base 9) to base 12.
-39848
Convert 402b637 (base 12) to base 13.
2644555
-231036 (base 8) to base 12
-39426
Convert -45236145 (base 7) to base 3.
-21101102121020
1011011110111101111 (base 2) to base 12
161927
-1755585 (base 9) to base 2
-11101111101011010100
Convert 21120023 (base 5) to base 10.
176263
What is -200200110221 (base 4) in base 14?
-11bb46d
-9601 (base 12) to base 11
-11375
Convert 1020010010 (base 3) to base 2.
101111001001101
What is a29428 (base 12) in base 3?
11210100101112
120000211021200 (base 3) to base 4
132132022110
What is 103320402 (base 5) in base 8?
1553343
Convert 4322023 (base 5) to base 15.
16b28
What is -115b4a1 (base 15) in base 11?
-7028374
Convert 233213140 (base 5) to base 6.
34532431
What is 3443141 (base 5) in base 7?
346423
928959 (base 10) to base 12
389713
157577 (base 10) to base 15
31a52
What is 2230411 (base 7) in base 15?
56d14
-ba8a06 (base 14) to base 11
-362a470
What is -130032010 (base 4) in base 6?
-2251044
Convert 3227246 (base 8) to base 16.
d2ea6
Convert 18974a (base 12) to base 5.
10230